) - 2*w(s). Suppose -10*q + 8*q = -12. List the prime factors of y(q).
23
Let d(y) = -3*y + 21. Suppose -91 = 5*z - 4*t, -z - 2*z + 5*t - 65 = 0. List the prime factors of d(z).
2, 3, 11
Let m = -1 + -2. Let z(q) = 0 + 2 + 4 - 9*q - 2. List the prime factors of z(m).
31
Suppose -3*x + 4*x = 2485. Let r = 743 - x. List the prime factors of r/(-39) + 4/(-6).
2, 11
Let b(l) = -l**2 + 8*l - 8. Let m be b(6). Suppose -3*q + m = -4*q. Let y = 23 + q. List the prime factors of y.
19
Suppose -2 = -2*w, -5*u + 2*w = -w - 947. Suppose 85 = 5*m - u. List the prime factors of m.
5, 11
Let n(w) = -w - 12. Let a be n(0). Let b be (90/(-54))/((-1)/a). List the prime factors of (-5)/b - (-159)/4.
2, 5
Suppose -26*i = 19382 - 52324. What are the prime factors of i?
7, 181
Let m = 531 + 143. List the prime factors of m.
2, 337
Let k(t) = -t**2 + 7*t + 5. Let q be (-3)/(-3)*(-3 - -2). Let i be (8/q)/(-1) + -2. What are the prime factors of k(i)?
11
Let t(r) = 2*r**2 + 47*r + 32. Let u be t(-22). Let c(o) = -15*o + 1. Let w be c(4). Let h = u - w. List the prime factors of h.
5
Suppose 4*p + 4*k - 8 - 4 = 0, 2*p = 2*k - 6. Let o be 6*-1*((-315)/(-18))/(-7). Suppose p*h - o = -5*h. What are the prime factors of h?
3
Suppose 9225 = 54*z - 17937. What are the prime factors of z?
503
Let n(a) be the third derivative of a**5/15 + a**4/12 - 5*a**3/6 - 14*a**2. What are the prime factors of n(3)?
37
Let p(b) = 11*b**2 + b. Let n be 17 - (-3 + 0 + -1). Suppose -3*h = -2*v + 13, -4*h + 2*v + 7 = n. List the prime factors of p(h).
2, 5
Let v be 81/21 + (-8)/(-56). Suppose v*b - 1 - 47 = 0. What are the prime factors of b?
2, 3
Suppose -6*s - 8606 = -11*s - j, 5*s - 5*j = 8630. What are the prime factors of s?
2, 3, 7, 41
Let y(m) = -m**3 + 5*m**2 - 14*m + 4. List the prime factors of y(-8).
2, 3, 79
Let i(a) = 4*a + 56. Let x be i(-13). Suppose x*o - 117 - 847 = 0. List the prime factors of o.
241
Let r = 20 + -8. Let k be (-1)/((-4)/r*1). List the prime factors of 4/((-140)/(-44) - k).
2, 11
Suppose 2*y = 3*h + 3*y - 85, h - 5*y = 7. List the prime factors of h.
3
Suppose -2*c + 7 = -1. Suppose c*x - 15 = -3. Let w = x - -4. List the prime factors of w.
7
Let m = 504 - 264. Suppose 3*z = m + 45. List the prime factors of z.
5, 19
Let m(g) be the first derivative of -g**4/4 + g**2 + 13*g + 23. Suppose -5*v + 8 = -3*x - v, -5*x - 22 = 2*v. What are the prime factors of m(x)?
3, 23
Let i = -255 + 5957. What are the prime factors of i?
2, 2851
Suppose 424 = 291*v - 287*v. What are the prime factors of v?
2, 53
Suppose -5*r + 165 = 5*n - 90, 0 = -5*r + n + 243. What are the prime factors of r?
7
Suppose 0*z + 4 = 2*z, 5*q - 34 = -2*z. List the prime factors of (128/q + 4)/(4/12).
2, 19
List the prime factors of -1*(6 + -8) - -5340.
2, 2671
Let h = -1398 - -2717. What are the prime factors of h?
1319
Suppose 12 = -4*k + 7*k. Suppose -3*v + 2 = 3*h - 10, 0 = -k*v - 3*h + 14. Suppose -5*q - 80 = -3*b, -v*b + 5*b + 3*q = 120. List the prime factors of b.
5, 7
List the prime factors of (-24)/(-48) - (-1034)/(-4)*-1.
7, 37
Let p(j) = -65*j + 388. What are the prime factors of p(-35)?
2663
Suppose -4*z + d = -3*d + 4, -21 = -3*z - 3*d. Let j(n) = 4*n - 1. List the prime factors of j(z).
11
Let f(w) = w + 13. Let c be f(14). Let i(m) = -m + 18 + 2*m**2 - c + 16. List the prime factors of i(3).
2, 11
Suppose -357*c + 17976 = -351*c. List the prime factors of c.
2, 7, 107
Let l = -2779 + 6246. List the prime factors of l.
3467
Let p(q) = -26*q + 1. Suppose -2*v - 3*v = -2*j - 23, -v - j = -6. Let w be v/(-7) - (-4)/(-14). What are the prime factors of p(w)?
3
Let p(v) = 5*v**2 + v. Let d be p(1). Let t(h) = h**2 - 4*h - 7. Let a be t(d). Suppose 3*r - a*g - 28 = 0, 5*g - 2 = 3*g. What are the prime factors of r?
11
Let y be (1/3)/(12/(-108)) - 138. Let q = -30 - y. List the prime factors of q.
3, 37
Suppose -6511 = -5*n + 309. What are the prime factors of n/20 - (-2)/(-10)?
2, 17
Let x = -615 + 499. Let i = -3 - -9. List the prime factors of x/(-6) - i/(-9).
2, 5
Let p = 160 - 10. Suppose 4*k + k - 6 = -v, -5*v + 5*k + p = 0. List the prime factors of v.
2, 13
Suppose 0 = -s + 8 - 3. Let j(z) = 25*z + 1. Let h(b) = -50*b - 3. Let d(m) = s*j(m) + 2*h(m). List the prime factors of d(1).
2, 3
Suppose 0 = 2*u - 3*g - 8, -5*u - 18 = 2*g - 0*g. List the prime factors of 6*u/(-4) + (39 - 3).
3, 13
Let j(s) = 4*s + 4. Let k be -7 + (-3 - (-7 - -2)). Let z(n) = -n - 1. Let c(y) = k*z(y) - j(y). What are the prime factors of c(1)?
2
Let p(r) = -50*r + 15. What are the prime factors of p(-15)?
3, 5, 17
Let x(z) = 19*z - 259. What are the prime factors of x(39)?
2, 241
Suppose 3*z - 4*g = 31, 2*z + g - 2 = 4. Let q(d) = -d**2 - 4. Let o(a) = 6*a**2 - 8*a + 23. Let y(s) = o(s) + 3*q(s). What are the prime factors of y(z)?
2, 23
Let p be (-2)/((-2)/(-1 - 1)). Let q = p - -2. Suppose -125 = -5*x - q*x. What are the prime factors of x?
5
Let k(t) = 2*t**2 - 5*t - 7. Let d be k(5). Suppose -5*a + d = -p, 6*p - 5*a = p - 70. List the prime factors of 1/((3/p)/(-3)).
13
Suppose -56 = -4*a - m, -2*a + 21 + 7 = -m. List the prime factors of a.
2, 7
Let g(l) = -l - 2. Let w be g(-3). Suppose 3*f = w + 5. Let s(i) = 5*i**3 + 2*i**2 - 2. List the prime factors of s(f).
2, 23
Suppose 3*j = -33 + 156. Let l = j - 25. List the prime factors of l.
2
Suppose c + 1764 = 3*p, c - 1176 = -30*p + 28*p. What are the prime factors of p?
2, 3, 7
Let n = -2184 - -5562. List the prime factors of n.
2, 3, 563
Suppose y - 2*v - 121 = 0, 0 = 2*y + y - 4*v - 371. Suppose 3*d = -5*o + 76 + y, 4*d - 225 = 3*o. What are the prime factors of d?
2, 3, 5
What are the prime factors of 26026/(-35)*(-15 + 10)?
2, 11, 13
Suppose 3*p + 508 - 3073 = 0. What are the prime factors of p?
3, 5, 19
Suppose 9*m - 8 = m. Let c = m - -18. List the prime factors of c.
19
Suppose -3*u - 16 + 7 = 0, -5*v = 4*u - 2348. List the prime factors of v.
2, 59
Suppose -31 = 2*c - 131. Let y be 1/5 + 1290/c. Suppose 2*x - 4*j = -y + 90, -143 = -4*x + 5*j. List the prime factors of x.
2, 3, 7
Let v be (2*-1)/((-18)/45). Suppose v*m - 238 = 62. List the prime factors of m.
2, 3, 5
Let p(j) be the third derivative of j**4/24 + 2*j**3 + 8*j**2. Let z(y) = y**2 + y - 5. Let o be z(0). What are the prime factors of p(o)?
7
Let x = 21 - 15. Suppose 0 = 14*b - 16*b + x. Suppose 15 = b*d, 0 = -s + 3*s + 3*d - 59. What are the prime factors of s?
2, 11
Let r = -103 + 110. Suppose 0 = -r*w + 891 + 992. What are the prime factors of w?
269
Suppose 2*c - 25 = 15. Let j = 25 - c. What are the prime factors of j?
5
Let d(c) be the first derivative of -13*c**5/120 - c**4/24 - 2*c**3/3 - 4. Let r(f) be the third derivative of d(f). List the prime factors of r(-3).
2, 19
Let q(x) = -x**3 - 3*x**2 - x - 6. Let d be q(-5). Suppose 0 = -n + 3*g + d, n - 4*n - 2*g + 92 = 0. Suppose 0 = 2*m - 4*m + n. What are the prime factors of m?
17
Let s = -1741 + 5049. List the prime factors of s.
2, 827
Suppose 0 = g - 4*s - 9 - 7, 17 = 2*g - 3*s. Suppose 2*o - 3*x + 400 = -164, 0 = -4*o - 3*x - 1110. List the prime factors of o/(-39) + g/(-26).
7
Suppose 19*o + 2620 - 16129 = 0. List the prime factors of o.
3, 79
Let v(n) = -770*n - 11. List the prime factors of v(-3).
11, 19
Let z = 29 + -24. Suppose 5*o = -5*v + 5, z*v - 5*o - 31 = v. Suppose h - 132 = -3*h + v*j, -2*j = -4*h + 136. List the prime factors of h.
5, 7
Let x(r) = -2*r**3 - 25*r**2 + 5*r + 33. What are the prime factors of x(-16)?
5, 349
Suppose -3*z + 138*g = 136*g - 15183, z - 3*g = 5068. List the prime factors of z.
5059
Let c be (12/(-9))/(0 + 6/(-3177)). Suppose 339 + c = 11*t. What are the prime factors of t?
5, 19
Let l be ((-138)/12)/((-2)/4). What are the prime factors of ((-226)/6)/(l/(-69))?
113
Suppose -20*m = 5*d - 18*m - 3845, -d + 756 = 3*m. List the prime factors of d.
3, 257
Suppose -4*v - 3*o + 28 = -0*o, v = -4*o + 20. Suppose 121 = 3*n + 5*a, -a = 3*n - v*a - 129. List the prime factors of n.
2, 3, 7
Let u be ((-10)/3 + 0)*15/(-10). Let f(g) = 24*g - 10. List the prime factors of f(u).
2, 5, 11
Let l = -500 + 613. What are the prime factors of l?
113
Let t(x) be the second derivative of 1/2*x**2 + 12*x + 0 - 26/3*x**3. List the prime factors of t(-1).
53
Let r be (-2)/(-4)*-4 + 3. Let s(k) = -k**3 + 